me number?
False
Is 24359 a composite number?
False
Is 96689 a composite number?
True
Is 8923 a composite number?
False
Is 1689 a composite number?
True
Is 139811 a composite number?
True
Is 61603 composite?
False
Is 96611 a prime number?
False
Is 29243 composite?
False
Is 19123 a prime number?
False
Is 478 a prime number?
False
Is 72431 a prime number?
True
Is 759587 a prime number?
False
Is 1901 composite?
False
Is 22427 prime?
False
Is 27509 prime?
True
Is 272759 prime?
True
Is 160141 prime?
True
Is 2731 a prime number?
True
Is 9237 prime?
False
Is 163901 composite?
False
Is 817379 composite?
False
Is 407107 a prime number?
False
Is 2393 composite?
False
Is 5837 prime?
False
Is 15389 a composite number?
True
Is 45259 a composite number?
False
Is 325055 a composite number?
True
Is 156554 a prime number?
False
Is 441073 a composite number?
False
Is 36293 prime?
True
Is 21169 a composite number?
False
Is 3053 prime?
False
Is 13555 composite?
True
Is 5761 composite?
True
Is 29485 a prime number?
False
Is 732799 a composite number?
False
Is 275027 composite?
False
Is 26083 composite?
False
Is 1273 a composite number?
True
Is 2963 a prime number?
True
Is 865681 a composite number?
False
Is 483887 prime?
False
Is 86069 a composite number?
False
Is 15959 a composite number?
False
Is 6623 prime?
False
Is 305063 a prime number?
False
Is 133559 a prime number?
True
Is 14591 a prime number?
True
Is 209717 a prime number?
True
Is 146819 composite?
False
Is 151549 composite?
False
Is 33457 composite?
False
Is 1115293 a composite number?
True
Is 271682 prime?
False
Is 289241 prime?
True
Is 7393 a composite number?
False
Is 1153421 composite?
False
Is 42171 composite?
True
Is 117911 prime?
True
Is 23189 a prime number?
True
Is 14203 a composite number?
True
Is 61421 a composite number?
True
Is 1709 a composite number?
False
Is 37649 a composite number?
False
Is 3979 composite?
True
Is 22853 composite?
False
Is 10151 a prime number?
True
Is 22241 a composite number?
True
Is 651971 a composite number?
False
Is 6421 a prime number?
True
Is 182377 composite?
True
Is 638117 composite?
False
Is 65579 a prime number?
True
Is 2597681 a composite number?
False
Is 11383 a prime number?
True
Is 17519 prime?
True
Is 11665 a composite number?
True
Is 6421 a composite number?
False
Is 63509 a prime number?
False
Is 366677 a prime number?
True
Is 18583 prime?
True
Is 4303 composite?
True
Is 41845 a composite number?
True
Is 3203 prime?
True
Is 18743 prime?
True
Is 36871 a prime number?
True
Is 2411 a composite number?
False
Is 180131 composite?
True
Is 505231 prime?
True
Is 12401 a composite number?
False
Is 10418 a composite number?
True
Is 240491 prime?
True
Is 11749 a prime number?
False
Is 279047 a composite number?
False
Is 12443 a prime number?
False
Is 139801 a composite number?
False
Is 124031 prime?
False
Is 69307 composite?
True
Is 5579 a prime number?
False
Is 152123 a composite number?
False
Is 3985 a prime number?
False
Is 154911 a prime number?
False
Is 88427 composite?
False
Is 854257 prime?
True
Is 855527 a composite number?
False
Is 12295 a prime number?
False
Is 3293 composite?
True
Is 12941 a prime number?
True
Is 606443 a composite number?
False
Is 5251 composite?
True
Is 92203 a prime number?
True
Is 45755 a composite number?
True
Is 95533 composite?
True
Is 56117 a composite number?
True
Is 1927 a composite number?
True
Is 511 composite?
True
Is 42863 prime?
True
Is 456727 a prime number?
True
Is 11777 a prime number?
True
Is 94771 prime?
True
Is 36317 a composite number?
True
Is 4831 prime?
True
Is 272737 a composite number?
False
Is 507631 composite?
False
Is 25963 a composite number?
True
Is 17669 a prime number?
True
Is 6547 a composite number?
False
Is 1783 a composite number?
False
Is 1678 prime?
False
Is 169382 prime?
False
Is 92273 composite?
True
Is 44567 composite?
True
Is 2053 a composite number?
False
Is 203037 a composite number?
True
Is 323233 a prime number?
True
Is 62411 prime?
False
Is 151273 a prime number?
True
Is 28189 a prime number?
False
Is 142087 a composite number?
True
Is 317 a prime number?
True
Is 444365 a prime number?
False
Is 55351 a prime number?
True
Is 8399 a composite number?
True
Is 301021 composite?
True
Is 987835 a prime number?
False
Is 4751 a composite number?
False
Is 91453 a prime number?
True
Is 40811 a composite number?
True
Is 46463 prime?
False
Is 34223 prime?
False
Is 31013 a composite number?
False
Is 863 composite?
False
Is 57199 a prime number?
False
Is 99046 a prime number?
False
Is 17846 prime?
False
Is 722021 prime?
False
Is 395 composite?
True
Is 1144219 a composite number?
True
Is 97771 a composite number?
False
Is 9617 composite?
True
Is 27733 a composite number?
False
Is 64433 a prime number?
True
Is 283669 a composite number?
False
Is 42629 composite?
True
Is 282481 composite?
False
Is 3761 prime?
True
Is 16220183 prime?
False
Is 25567 a composite number?
True
Is 32081 a prime number?
False
Is 1071113 prime?
False
Is 14899 composite?
True
Is 51995 a composite number?
True
Is 358007 a prime number?
False
Is 930607 a composite number?
True
Is 596287 a prime number?
False
Is 21943 a composite number?
False
Is 205721 a prime number?
True
Is 1367 prime?
True
Is 4809251 a prime number?
True
Is 2368267 a prime number?
False
Is 202789 prime?
False
Is 1096919 prime?
True
Is 1081541 a prime number?
True
Is 2839 a composite number?
True
Is 13157 prime?
False
Is 234767 a prime number?
False
Is 37461 composite?
True
Is 33833 prime?
False
Is 263927 composite?
False
Is 509 a composite number?
False
Is 82393 prime?
True
Is 9719 prime?
True
Is 487 prime?
True
Is 14981 prime?
False
Is 504121 a composite number?
False
Is 31037 prime?
False
Is 104579 prime?
True
Is 155437 composite?
True
Is 889 a prime number?
False
Is 34666 composite?
True
Is 335 a composite number?
True
Is 1301361 a prime number?
False
Is 179161 a composite number?
False
Is 117341 a prime number?
False
Is 100811 prime?
True
Is 37385 prime?
False
Is 16351 prime?
False
Is 40739 a composite number?
False
Is 8311 composite?
False
Is 1105141 a prime number?
True
Is 203 a prime number?
False
Is 98503 prime?
False
Is 11983 a prime number?
False
Is 665299 prime?
True
Is 5299 composite?
True
Is 1383 composite?
True
Is 980177 prime?
False
Is 5731 composite?
True
Is 3811 a prime number?
False
Is 329293 composite?
False
Is 6389 composite?
False
Is 214433 composite?
False
Is 89113 composite?
False
Is 25841 prime?
True
Is 144373 a prime number?
False
Is 34907 a prime number?
False
Is 5791 a prime number?
True
Is 3259 a prime number?
True
Is 104783 composite?
True
Is 107021 a composite number?
False
Is 229897 prime?
True
Is 2554 a prime number?
False
Is 86159 a composite number?
True
Is 445827 a prime number?
False
Is 7015733 a composite number?
False
Is 54601 a prime number?
True
Is 2633 a prime number?
True
Is 78087 composite?
True
Is 788651 a prime number?
True
Is 26311 prime?
False
Is 239611 a composite number?
False
Is 17817 prime?
False
Is 41521 a prime number?
True
Is 250367 a composite number?
True
Is 130901 prime?
False
Is 212183 a composite number?
False
Is 501073 a composite number?
True
Is 10663 a composite number?
False
Is 630101 composite?
False
Is 462031 a composite number?
True
Is 318979 prime?
True
Is 446 a composite number?
True
Is 651577 a prime number?
False
Is 68717 prime?
False
Is 1739 prime?
False
Is 745471 prime?
True
Is 1043 prime?
False
Is 263 composite?
False
Is 4241 prime?
True
Is 228433 composite?
True
Is 68462 a prime number?
False
Is 1375493 a composite number?
True
Is 3961 prime?
False
Is 665807 prime?
False
Is 2554 a prime number?
False
Is 37871 prime?
True
Is 38413 a prime number?
False
Is 226717 composite?
True
Is 64271 a prime number?
True
Is 479891 composite?
False
Is 57923 a composite number?
False
Is 1418 a prime number?
False
Is 1666859 prime?
False
Is 54541 a composite number?
False
Is 91187 a prime number?
False
Is 204467 a prime number?
False
Is 466873 composite?
True
Is 19547 a prime number?
False
Is 221843 prime?
False
Is 89363 a composite number?
False
Is 4562 composite?
True
Is 196111 a composite number?
False
Is 183071 prime?
False
Is 6959 a composite number?
False
Is 44489 a composite number?
True
Is 3263